nd 4176?
4
What is the highest common divisor of 2600 and 1352?
104
Calculate the greatest common factor of 563 and 1.
1
Calculate the greatest common factor of 2356 and 114.
38
Calculate the highest common divisor of 32 and 688.
16
What is the highest common divisor of 14883 and 123?
123
What is the highest common factor of 1 and 173?
1
What is the highest common divisor of 28 and 3794?
14
What is the highest common factor of 84 and 4900?
28
Calculate the highest common divisor of 493 and 29.
29
What is the highest common divisor of 22 and 176?
22
What is the highest common factor of 590 and 20?
10
What is the greatest common factor of 61 and 14030?
61
Calculate the highest common divisor of 8 and 20.
4
What is the greatest common factor of 374 and 1694?
22
What is the greatest common divisor of 870 and 3306?
174
Calculate the highest common factor of 253 and 207.
23
What is the greatest common factor of 18 and 1062?
18
What is the greatest common factor of 99 and 18?
9
What is the highest common factor of 130 and 5?
5
Calculate the highest common divisor of 91 and 104.
13
What is the greatest common divisor of 18 and 459?
9
Calculate the highest common factor of 297 and 792.
99
What is the greatest common divisor of 1722 and 42?
42
What is the greatest common factor of 40 and 53240?
40
Calculate the highest common factor of 7718 and 34.
34
Calculate the highest common factor of 657 and 171.
9
What is the highest common divisor of 117 and 377?
13
Calculate the highest common divisor of 343 and 7448.
49
Calculate the highest common factor of 38 and 323.
19
What is the highest common divisor of 19 and 38?
19
Calculate the highest common divisor of 290 and 10.
10
Calculate the greatest common factor of 378 and 162.
54
Calculate the highest common factor of 214 and 8.
2
What is the greatest common divisor of 2151 and 171?
9
What is the highest common factor of 3112 and 6613?
389
What is the greatest common divisor of 3453 and 3?
3
Calculate the highest common divisor of 312 and 78.
78
What is the greatest common factor of 2607 and 15?
3
Calculate the highest common factor of 684 and 247.
19
What is the highest common factor of 3510 and 130?
130
What is the greatest common factor of 10 and 170?
10
Calculate the greatest common factor of 459 and 54.
27
What is the highest common divisor of 11 and 2519?
11
Calculate the highest common factor of 720 and 774.
18
Calculate the highest common divisor of 1624 and 392.
56
Calculate the highest common divisor of 35 and 35.
35
Calculate the highest common divisor of 12 and 44.
4
Calculate the highest common divisor of 2580 and 20.
20
What is the greatest common factor of 120 and 212?
4
Calculate the greatest common divisor of 76 and 38.
38
Calculate the highest common divisor of 156 and 2886.
78
What is the highest common factor of 51 and 969?
51
Calculate the greatest common divisor of 2545 and 25.
5
Calculate the greatest common divisor of 736 and 80.
16
What is the highest common divisor of 1634 and 86?
86
What is the highest common factor of 2800 and 875?
175
What is the greatest common factor of 41488 and 16?
16
Calculate the highest common divisor of 1102 and 38.
38
Calculate the greatest common divisor of 49544 and 264.
88
What is the highest common divisor of 47 and 3008?
47
What is the greatest common factor of 1067 and 485?
97
Calculate the highest common divisor of 78 and 8814.
78
What is the highest common divisor of 1296 and 32?
16
What is the highest common divisor of 32 and 12960?
32
What is the greatest common factor of 568 and 8?
8
Calculate the highest common factor of 104 and 364.
52
Calculate the highest common divisor of 119 and 1.
1
What is the highest common divisor of 96 and 3048?
24
What is the greatest common factor of 16317 and 666?
333
What is the highest common factor of 61 and 1952?
61
What is the greatest common divisor of 5957 and 483?
161
Calculate the highest common factor of 1850 and 1.
1
Calculate the greatest common factor of 224 and 287.
7
Calculate the greatest common divisor of 70 and 70.
70
Calculate the greatest common factor of 450 and 135.
45
What is the greatest common factor of 1742 and 3886?
134
Calculate the highest common divisor of 37180 and 52.
52
Calculate the highest common factor of 182 and 84.
14
What is the highest common factor of 205 and 82?
41
What is the highest common divisor of 12397 and 154?
77
What is the highest common divisor of 378 and 90?
18
What is the greatest common divisor of 18 and 63198?
18
Calculate the greatest common divisor of 48 and 592.
16
What is the highest common divisor of 187 and 5?
1
What is the greatest common divisor of 40 and 6620?
20
What is the greatest common divisor of 44 and 748?
44
Calculate the highest common factor of 468 and 104.
52
What is the highest common factor of 23 and 3749?
23
Calculate the highest common divisor of 123 and 3.
3
Calculate the highest common factor of 63859 and 19.
19
What is the greatest common factor of 7 and 511?
7
Calculate the highest common factor of 2992 and 14.
2
Calculate the highest common divisor of 77 and 2673.
11
Calculate the highest common divisor of 222 and 6549.
111
Calculate the greatest common divisor of 20 and 1076.
4
What is the greatest common divisor of 209 and 11?
11
Calculate the greatest common factor of 30 and 615.
15
Calculate the greatest common factor of 7000 and 40.
40
What is the highest common divisor of 205 and 140?
5
Calculate the highest common divisor of 5424 and 96.
48
What is the greatest common divisor of 102 and 15062?
34
What is the highest common factor of 405 and 1080?
135
What is the highest common factor of 1530 and 90?
90
Calculate the greatest common factor of 186 and 1364.
62
What is the greatest common factor of 17 and 272?
17
What is the greatest common divisor of 3984 and 48?
48
What is the highest common divisor of 91 and 21?
7
What is the greatest common divisor of 42 and 182?
14
What is the greatest common divisor of 76144 and 16?
16
Calculate the highest common factor of 230 and 184.
46
What is the highest common factor of 18 and 198?
18
Calculate the highest common factor of 10 and 2.
2
Calculate the greatest common factor of 936 and 180.
36
Calculate the greatest common factor of 345 and 43125.
345
What is the highest common factor of 893 and 47?
47
Calculate the greatest common divisor of 28 and 88.
4
Calculate the highest common factor of 832 and 52.
52
Calculate the highest common factor of 6 and 378.
6
What is the highest common factor of 12 and 4236?
12
Calculate the greatest common divisor of 342 and 18.
18
What is the highest common factor of 260 and 280?
20
What is the highest common divisor of 20462 and 26?
26
Calculate the greatest common divisor of 56465 and 115.
115
Calculate the highest common divisor of 1225 and 49.
49
What is the greatest common factor of 81 and 1296?
81
Calculate the greatest common divisor of 61 and 122.
61
Calculate the greatest common factor of 220 and 264.
44
What is the highest common divisor of 1008 and 15?
3
Calculate the greatest common divisor of 55338 and 92.
46
Calculate the greatest common divisor of 189 and 3633.
21
What is the highest common divisor of 11515 and 470?
235
What is the highest common factor of 12050 and 50?
50
What is the greatest common factor of 54 and 1026?
54
What is the highest common divisor of 3857 and 116?
29
What is the highest common factor of 96 and 48?
48
Calculate the greatest common factor of 32 and 5392.
16
Calculate the highest common divisor of 13 and 11661.
13
Calculate the greatest common factor of 81 and 1242.
27
Calculate the greatest common divisor of 909 and 54.
9
What is the greatest common factor of 2059 and 71?
71
What is the greatest common factor of 35 and 6538?
7
Calculate the highest common factor of 60 and 7860.
60
Calculate the greatest common factor of 660 and 30.
30
What is the highest common divisor of 7885 and 570?
95
What is the greatest common factor of 116 and 20764?
116
What is the greatest common divisor of 4475 and 25?
25
What is the greatest common divisor of 90 and 60?
30
Calculate the greatest common factor of 180 and 315.
45
What is the highest common divisor of 39 and 6045?
39
What is the greatest common factor of 778 a